ppose -7*u - 14 + 49 = 0. Suppose u*x + 1251 = 8*x. Is x a prime number?
False
Let h be (-8)/(-20) + (-14)/10. Let g = 3 + h. Suppose -2 = -k + 1, g*i - 114 = -4*k. Is i prime?
False
Suppose -11*h + 79613 = 14845. Suppose 4*m - 3*q + 8*q = h, 0 = m - 2*q - 1485. Is m a composite number?
True
Suppose 26455 = 3*u + 4*w - 3898, 4*u - 3*w - 40504 = 0. Is u a composite number?
True
Suppose -10*j + 7*j = -27. Let c be (-34)/(-2)*-1 - -2. Is (c/10)/(j/(-1284)) a prime number?
False
Suppose 2 = -3*k + 4*q, -2*k - 3 = -5*q + 3. Let p(f) = 3*f**k - 7*f + 2*f**2 - 2*f**2 + 10*f + 4 + 11*f**3. Is p(3) composite?
False
Let c = -1031 + 1998. Is c a composite number?
False
Suppose b + 4*y + 3 - 1 = 0, 3*y = 0. Is ((-1382)/4)/(((-7)/b)/(-7)) prime?
True
Let h(v) be the third derivative of v**5/20 - 7*v**4/24 - v**3/3 + 7*v**2. Is h(5) composite?
True
Let d(z) be the third derivative of 113*z**4/24 - 25*z**3/6 - 2*z**2. Let k be d(7). Let r = k - 153. Is r a prime number?
True
Suppose -2*v = v - 18. Let a be 8/(-3)*9/v. Is 10/20 - 282/a composite?
False
Let b = -207 + 346. Let w be (-2860)/(-34) - ((-198)/153)/(-11). Let l = w + b. Is l a composite number?
False
Let d = -11991 + 21044. Is d prime?
False
Let z(j) = 2*j**2 - 3*j - 2. Suppose -2*c + 5 = -3. Let b be z(c). Is (b/(-12))/(1/(-62)) prime?
False
Let r = 9 - 9. Let m be (3 + -3)/(r + 2). Suppose 4*f + m*f - 892 = 0. Is f composite?
False
Is (-1)/(-2) - (1094/(-4) - 0) a prime number?
False
Let p be 8/(-12) + 8/(-6). Let d be 3 + (p - (2 - 1)). Suppose d*v + v = 233. Is v prime?
True
Let v(i) = -i**3 + 15*i**2 + 16*i + 10. Let u be v(13). Is u/5 - (-10)/(-50) a composite number?
True
Let x be 0 + -3 + 2 - 3. Let h be x/(-18) + (-60)/27. Is (-3)/(-1 + h) - -234 composite?
True
Suppose c = -2*c + 1956. Suppose -t = 3*t - c. Is t a prime number?
True
Let n(d) = d + 11. Let b be n(-11). Suppose b = 60*i - 57*i - 777. Is i prime?
False
Let g(x) = 153*x**2 + 15*x + 17. Let a(u) = -76*u**2 - 8*u - 8. Let y(v) = 5*a(v) + 3*g(v). Is y(-3) composite?
True
Let z(n) = -3*n - 4*n + 1 + 45*n**2 + 4*n. Let o(p) = 24*p + 357. Let r be o(-15). Is z(r) a prime number?
False
Suppose -f - 2 = 1. Let z(s) = -5*s**3 + 4*s**2 + 1 + 3*s - s**3 - s**2 + 3 - 3*s**3. Is z(f) a prime number?
False
Let s(a) = 13*a + 9. Suppose 3 = z + 3*h - 17, 0 = -2*z + 5*h + 29. Let p = z + -11. Is s(p) a composite number?
True
Let n(t) = -282*t - 48. Let q be n(-8). Suppose -1168 = -v - 5*c - 60, 2*c = -2*v + q. Is v composite?
False
Is -2*(19705/(-28) - 9/12) a composite number?
False
Suppose -4*n + 115442 = 3*s, n = 6*n - 4*s - 144287. Is n prime?
True
Suppose 946 = 2*j + 4*d, -2 - 1 = -3*d. Suppose 10*a = 7*a + j. Is a a composite number?
False
Let c(w) = w**2 - 11*w - 2. Let m be c(6). Let p = m - -43. Is p composite?
False
Suppose -8199 = -z - 2*x, 3 - 5 = -2*x. Is z a prime number?
False
Suppose -58*q + 63*q = -4*k + 17901, 0 = 4*k - q - 17871. Is k a composite number?
True
Let t be (1 + 0 + 0)*(-15 + 13). Let o(f) = -31*f**3 + 2*f**2 - 3*f - 5. Is o(t) a composite number?
False
Suppose 0*m + 21 = 3*m. Suppose 2*n = m*x - 2*x - 8437, -8440 = -5*x + 5*n. Is x composite?
True
Let o = 14 + -12. Let c be o/(-3)*3 + -49. Is (-5729)/c + 2/3 a composite number?
False
Let m(a) = a**2 - 9*a - 7. Suppose h - 4 + 0 = 0, 0 = 2*d - 5*h. Let i be m(d). Suppose -300 + 855 = i*z. Is z a prime number?
False
Suppose -3*c = 2*c + 3*g - 48, c - 8 = -g. Suppose 286 = 2*m - c. Is m a prime number?
True
Suppose x - 3 = -2*j + j, 24 = 5*x - 4*j. Suppose -x*q + 2*f = -1048, -2*q + 259 = -q - 2*f. Is q a prime number?
True
Suppose 251*y - 252*y + 44309 = 0. Is y a prime number?
False
Let p be -1 - ((1 - 3) + -16). Let b = -11 + p. Let q = b + 43. Is q composite?
True
Is 1134 - ((-45)/(-105) - (-8)/14) composite?
True
Let h be ((-84)/(-3))/((-2)/4). Let u = h - -294. Is ((-10)/(-4))/(7/u) a prime number?
False
Suppose -7*x + 4*x + 18 = 0. Suppose 4*f = -x - 2. Is f/(-1)*(-115)/(-2) prime?
False
Let c(r) = -1171*r**2 - 5*r + 4. Let j be c(1). Let q = -599 - j. Is q a prime number?
False
Let v(r) = 197*r**2 + 6*r - 13. Let w(o) = o**3 + 12*o**2 - o - 10. Let k be w(-12). Is v(k) composite?
False
Let v(p) = 172*p**2 + 4*p - 47. Is v(-7) a prime number?
True
Let h(i) = 7*i**3 - 2*i**2 - i + 3. Let z be h(8). Is 1/3*(z - (1 + -3)) prime?
True
Let i(a) = -474*a + 3. Let f be i(-1). Let k = 154 + f. Is k a prime number?
True
Let d(m) = 427*m - 290. Is d(13) prime?
True
Suppose 19 = -6*w + 7. Is (-12)/(-42) + (7971/7 - w) a composite number?
True
Suppose 7*r + 63493 - 195338 = 0. Is r a prime number?
False
Let t(o) = -o**3 + o**2 + 11*o + 3. Let v be t(-9). Let g = -323 + v. Is g a prime number?
False
Let a(j) = j + 5. Let k be a(-7). Let n be 37/3*(25 - k). Let y = n - 202. Is y composite?
False
Suppose 5*g = -3*h - 88, -4*g + 0*h - 69 = h. Is 5 - 1 - (-1382 - g) prime?
False
Let n = 4141 - -2244. Is n prime?
False
Let t = -1887 + 3339. Suppose 2*f = -2*c - f + 704, 4*c = 5*f + t. Is c a composite number?
True
Is 18201 - 19/(171/(-90)) a prime number?
True
Suppose 5*q - 11 = -16. Let x(b) = -109*b + 4*b - 14*b. Is x(q) a prime number?
False
Suppose -4*f = -12 + 68. Let l be (-21)/f*(-4)/(-6). Suppose 2*z + 147 + l = n, 2*z + 432 = 3*n. Is n a prime number?
False
Suppose 3293 = -10*n + 9433. Is n composite?
True
Let m(o) = 4*o - 12. Let v be m(4). Suppose -4*b - 225 = -v*q - 3*b, -q = 2*b - 63. Is q composite?
True
Suppose -2*v + 300 = 1692. Let k = v - -1379. Is k a prime number?
True
Let y = 7783 - 4442. Is y prime?
False
Suppose 3*f - 11*f = -10336. Suppose -d - 3*c = -f, 3*d + 2*c - 3864 = -3*c. Is d prime?
True
Suppose 4*c - 9139 = -3*g, -2*g = 142*c - 144*c - 6102. Is g a composite number?
False
Suppose 2*u - 2 = u. Let m(n) = n**u + n**2 + 1 + 9*n + n**2 + 1. Is m(-4) a composite number?
True
Let j be 2 - 2 - (-133)/(-14)*-2. Suppose 17*l - 38112 = j. Is l prime?
True
Let a(h) = 535*h**2 + 52*h - 2. Is a(3) prime?
True
Let p = 5813 + -300. Is p a prime number?
False
Let t(y) = -y**2 + 12*y + 583. Is t(0) prime?
False
Let c(r) = -r**2 + 11*r + 2. Let d be c(11). Suppose d*x + 2*z + 0*z - 520 = 0, 0 = -4*x - z + 1055. Is x prime?
False
Let p = -1370 - -2239. Suppose 4*d - 1839 - p = 0. Is d prime?
True
Let l(f) = 2363*f - 269. Is l(9) a prime number?
False
Suppose 5*q + 7 = p - 11, -4*q + 2*p = 18. Let d be 9 + -10 - (q - 1). Is (6 - d) + (-6 - -82) a prime number?
True
Suppose 2*k - 4*g = g + 30, k - 5*g = 5. Suppose -j + k = -33. Is j a composite number?
True
Suppose -6*j - 908 = -4394. Is j composite?
True
Let g = 4 - 4. Suppose 0 = 33*w - 27*w. Suppose -3*f = 5*r - w*r - 273, g = 5*r + f - 281. Is r prime?
False
Let a = -1107 - -1943. Suppose -t = -3*d + 5*d - a, 2089 = 5*d + 3*t. Is d prime?
True
Suppose -3*z + 37009 + 13443 = 5*l, 0 = -2*l + 5*z + 20187. Is l composite?
False
Suppose -3*f + 2 = -4. Let s = -4 + f. Is ((-2)/6)/(s/2694) composite?
False
Suppose -3*f - d = 3*d - 2, -4*d = -5*f + 14. Let y be 492/4 + f + 1. Suppose 2*z = 5*i + y, 3*z = -i - 3*i + 143. Is z a composite number?
False
Let o(k) = -k + 3. Let l(d) = -d + 5. Let w be l(13). Let r = w + 4. Is o(r) a prime number?
True
Suppose 0 = -2*f - 4*h - 4344, -f + 5*h = -31 + 2196. Let w = f + 3383. Is w a prime number?
True
Let x(d) = 16*d**2 - 20*d**2 + 1 - 1 + 5 - d**3 + 9*d. Is x(-13) composite?
False
Let o(l) = 270*l**2 - 7*l + 20. Is o(3) composite?
True
Let x be -2 - (-1 + (-12)/4). Is (115 + 16)/(x/2) prime?
True
Let d(p) = -545*p - 2. Let v(a) = -1090*a - 3. Let b(r) = -11*d(r) + 6*v(r). Is b(-3) a prime number?
False
Let p(n) = 1036*n - 221. Is p(38) prime?
False
Suppose -3*h - 5*a - 45 = 0, 0 = 2*h + 5*a - 2*a + 30. Let b(z) = -14*z + 13. Is b(h) a prime number?
True
Let a be (0 + (-2)/(-6))*(-6 - -12). Suppose 0 = 4*z - 0*z + a*q - 586, 0 = 5*z + 3*q - 730. Is z a prime number?
True
Is 28/4 - (-10 + -1102) a composite number?
True
Let w(k) = -k**3 + 2*k**2 - k + 2. Let u be w(2). Is u - (-10)/(-5) - -81 composite?
False
Suppose -5226 = -2*z + 7100. Is z a composite number?
False
Suppose 2*x + 4*y - 3*y = 12, -2*y - 8 = -4*x. Suppose x*d = 3*s + 5209, 0 = d - 2*s + 453 - 1754. Is d prime?
True
Suppose -34*n - 249326 = -48*n. Is n a prime number?
False
Let a(s) = 24*s**2 + 8*s - 1. Let